 10075. List the prime factors of o.
3, 2311
Let f = -187 + 187. Suppose f = -6*r + 4861 + 3983. List the prime factors of r.
2, 11, 67
Let j(a) = -6*a**2 + 34*a - 20. Let h(d) = 2*d**2 - 10*d + 6. Let z(v) = 7*h(v) + 2*j(v). Let o = -2 - -5. What are the prime factors of z(o)?
2, 7
Let d = 67897 - 48003. What are the prime factors of d?
2, 7, 29
Let s(b) = 58*b + 23. Let i be s(6). Let m = 2471 - i. Suppose -5*t - 5*t = -m. List the prime factors of t.
2, 3, 5, 7
Let a(x) = -3*x - 4. Let y be ((-3 + 3)/1)/(-2). Let g be a(y). List the prime factors of (-460)/g + 3 + -2.
2, 29
Suppose 4*y - 6156 = -4*l, 7*l + y = 3*l + 6141. Suppose -20*f + l = -7*f. What are the prime factors of f?
2, 59
Let k(b) = 2*b**2 + 2*b + 1. Let l be k(-2). Suppose -4*r - r + 80 = 3*f, l*f - 4*r - 195 = 0. Let z = f + 37. What are the prime factors of z?
2, 3
Let u = -3323 + 1692. Let l = 29 - u. What are the prime factors of l?
2, 5, 83
Suppose -30*d + 26*d + 4 = 0, -5*y + 17485 = 5*d. List the prime factors of y.
2, 19, 23
Let c = 51 + 229. Suppose -104 = -4*t + c. Suppose -34 - t = -o. What are the prime factors of o?
2, 5, 13
Let t = 93 - 97. Let d(c) = 2*c**2 - 3*c - 4. Let b be d(t). Let f = b - -22. List the prime factors of f.
2, 31
Let w(q) = -48172*q - 59. List the prime factors of w(-1).
13, 3701
Let s(v) be the second derivative of v**5/20 - v**4/2 + 5*v**3/6 + 5*v**2/2 - 2*v. Suppose -3*u = b + 8, 3*b - u - 46 = 4*u. What are the prime factors of s(b)?
89
Let a(x) = 66 - 12*x + 3*x + 3*x - x**2 - 21*x - 12*x. What are the prime factors of a(-18)?
2, 3, 37
Let y = -13 + 20. Let w = y - -164. List the prime factors of w.
3, 19
Let y(m) be the second derivative of -38*m**5/5 - 5*m**3/6 - 2*m**2 + 8*m - 1. What are the prime factors of y(-1)?
3, 17
Let r(i) = -7. Let d be 12/(-42) + 80/(-14). Let x(k) = k + 1. Let b(f) = d*x(f) + 3*r(f). List the prime factors of b(-11).
3, 13
Let o(x) = x**2 - 29*x - 33. Let q be o(30). What are the prime factors of 3*(q + (-1374)/(-9))?
449
Suppose 433*b = 469*b - 95256. List the prime factors of b.
2, 3, 7
Let x(w) = -w**3 + 7*w**2 - 5*w - 5. Let t be x(6). Suppose -3*s + t = -11. Suppose 6*v + 8 = y + s*v, -v - 44 = -3*y. List the prime factors of y.
2
Let k be 3*(-18)/30*-5. Suppose 2237 = k*b - 3226. List the prime factors of b.
607
Let d(n) = 7*n - 44. Let a be d(8). Suppose 15 = v + a, -2*r = v - 443. List the prime factors of r.
2, 5, 11
Let i(b) = 24*b + 8. Let m be i(2). Let n be (m/6)/((-20)/12 + 2). What are the prime factors of (-1414)/n*(-4 - -2)?
101
Let b(h) be the second derivative of h**3/6 + 53*h**2 + 173*h + 3. Let w = 3 + -3. List the prime factors of b(w).
2, 53
Suppose -35*w + 69*w - 102 = 0. Suppose 5*a - 1855 = -j, 4*j = -w*a - a + 7420. What are the prime factors of j?
5, 7, 53
Let d = 662 + -360. Let m = d + -181. What are the prime factors of m?
11
Suppose -48*f - 20 = -53*f. Suppose 12*l - 5648 = f*l. List the prime factors of l.
2, 353
Let b(t) = -103*t - 49. Let q be b(-4). Let w = q + -329. What are the prime factors of w?
2, 17
Let g(v) = -273*v - 1109. List the prime factors of g(-50).
12541
Let k(x) = -1590*x + 246. List the prime factors of k(-3).
2, 3, 11, 19
Let y(b) = 2*b**3 + 113*b**2 - 36*b + 493. List the prime factors of y(-44).
7, 7211
Let c(r) = -3*r**2 + 303. Let w be c(0). What are the prime factors of w/1 + (-25 - -32)?
2, 5, 31
Let r = 121154 + -49071. List the prime factors of r.
11, 6553
Let d = 8632 - 4977. List the prime factors of d.
5, 17, 43
Suppose 2*p = -38*p + 14*p + 378664. What are the prime factors of p?
2, 11, 331
Let h(b) = 77*b**2 + 78*b + 945. What are the prime factors of h(-16)?
13, 1493
Suppose y - 4*h - 10177 = 0, -y = 5*h - 13094 + 2935. What are the prime factors of y?
10169
Let x(j) = 45*j + 71. Let o be x(-18). Let m = o - -1426. What are the prime factors of m?
3, 229
Let d(r) = 27*r + 19. Let k(h) = 54*h + 36. Let l(t) = -9*d(t) + 5*k(t). List the prime factors of l(12).
3, 37
Suppose 72 = 13*h - h. List the prime factors of 2*664/12*h.
2, 83
Let h(k) = k**2 - 9*k - 67. Let u be h(-6). Let x(p) = -2*p**3 + 5*p**2 + 6*p - 3. Let v be x(5). Let m = u - v. What are the prime factors of m?
11
Let d = 245 - 108. Suppose -3*h + d = 2*s, 4*s - 127 = -3*h - 0*h. Let r = -10 + h. List the prime factors of r.
3, 13
Let g(v) = 473*v + 3172. List the prime factors of g(11).
5, 67
Suppose 3*i - 111156 = -5*l, 402*l = 5*i + 400*l - 185198. List the prime factors of i.
2, 18521
Suppose 0 = 3*f - 5*x + 8, 2*f = 3*f - x. Suppose 0 = -2*j + 5*d + 922, 0*d = 4*j + f*d - 1788. What are the prime factors of j?
11, 41
Let t(w) = w**2 - 107*w - 2. List the prime factors of t(-65).
2, 3, 23
Suppose -5*o + 193145 = 3*a, 257517 = 4*a - 457*o + 454*o. List the prime factors of a.
2, 3, 5, 29, 37
Suppose 5*p - 5 = 4*g, -4*g + 2 = -6*g + 2*p. Suppose -9*i + 14*i = g. Suppose -10*k + 2*k + 528 = i. What are the prime factors of k?
2, 3, 11
Let y be 15*(-2)/(-8) + (-8)/(-32). Let i(n) = 83*n**3 - 84*n**3 + y*n**2 - 10*n**2 - 14*n - 14 + 2. List the prime factors of i(-5).
3, 11
Let h(x) = 86 + x**2 - 38 + 0*x**2 + 2*x + 212. What are the prime factors of h(0)?
2, 5, 13
Let w(v) = -v**2 - 76*v + 330. List the prime factors of w(-51).
3, 5, 107
Suppose -10*f + 311 + 29 = 0. Suppose -2 = 2*w + 8. Let o = w + f. What are the prime factors of o?
29
Suppose -5*m = -4*j - 1974 + 504, m = 2*j + 300. Let p = -317 - -201. Let b = m + p. What are the prime factors of b?
2, 3, 29
Let x be (-486)/(-21) - ((-81)/21 + 4). Suppose -1540 = -x*r + 16*r. What are the prime factors of r?
2, 5, 11
Let c(q) be the third derivative of q**4/8 + q**3/3 - 20*q**2. Let l be c(5). What are the prime factors of 1086/l + 2/34*2?
2
Let f(c) = -16*c**3 - 5*c**2 - 2*c - 2. Let u be f(-2). Let p = -106 + u. Suppose 2322 = 22*n - p*n. What are the prime factors of n?
3, 43
Suppose 4*y = 2*f - 6322, -5*y - 129 = -154. List the prime factors of f.
3, 7, 151
Let l(b) = 6*b**2 + 2*b - 2. Let k be l(5). Let h be 310/16 - 48/128. Suppose 0 = h*t - 18*t - k. List the prime factors of t.
2, 79
Let z(a) = a**3 - 146*a**2 + 146*a**2. Let d be z(1). What are the prime factors of 749/7 - (-2)/d?
109
Suppose 18 = -3*u, -5*n + 39*u + 315127 = 37*u. List the prime factors of n.
19, 31, 107
Suppose 0 = 291*z - 318*z + 540378. List the prime factors of z.
2, 10007
Let g be -253 + (-5)/20*-4. Let c = g + -83. Let p = 506 + c. What are the prime factors of p?
3, 19
Suppose -5*l + 7 = 3*b, 6*l - 4*l + 2*b = 2. Suppose l*z + 0*z = 104. Suppose -2*d = -124 + z. List the prime factors of d.
2, 3
Let i be (-1 + 0)/((-1)/26). What are the prime factors of (-26134)/(-26) + (-4)/i?
3, 5, 67
Let f = -267 + 285. Let i be 1/4 + 735/20. Let q = i - f. What are the prime factors of q?
19
Suppose -3*l + 505 = 4*z, 3*z - 122 = -3*l + 253. Let n = 78 - 139. Let h = z + n. What are the prime factors of h?
3, 23
Suppose 0*y + 10 = -2*y, 4*y - 1 = -3*p. Let n be (((-28)/6)/p)/(4/(-18)). Suppose -k = 2*k - 4*i - 55, n*k - 5*i - 50 = 0. List the prime factors of k.
5
Let a be (1/(-2))/(((-44)/376)/(-11)). Let t = -50 - a. What are the prime factors of 198 + (-3 - -10) + t?
2, 101
Suppose 33 = -7*m + 138. Let l be (-4)/20 + 33/m. Suppose 3*o = -5*p + 218 - 58, l*o + 19 = p. What are the prime factors of p?
29
Suppose 3477 = m - 4*k, -4*m - 5*k = -8*m + 13886. List the prime factors of m.
3469
Let n(x) = 4*x**3 - 11*x**2 - 193*x + 2166. What are the prime factors of n(10)?
2, 7
Let p be 1/(-2 + 1)*(-4 - 4). Suppose -4 = 4*w + p. List the prime factors of -2*(4 + -3 + w)*5.
2, 5
Let p be 9/6*(-284)/6. Suppose -12*t + 5*l - 60 = -11*t, -l = 4*t + 177. Let y = t - p. What are the prime factors of y?
2, 13
List the prime factors of -14 + 8 + 10 - (-1 - 43479).
2, 7, 1553
Let b be (174/(-5))/((-14)/35). Suppose 4*i + b + 116 = r, i = 5*r - 920. What are the prime factors of ((-8)/2 - -3)/((-3)/r)?
61
Suppose -14*s + 4*x + 1892 = -10*s, 4*s - x - 1895 = 0. Suppose s = 2*i - 374. What are the prime factors of i?
2, 53
Let z = -15548 + 22273. What are the prime factors of z?
5, 269
Suppose 2*i - 2*o - 6 = 0, 2*o + 6 = 4*i + 4*o. List the prime factors of ((-1560)/(-16) + 5)*4/i.
5, 41
Let v(r) = -3*r**2 + 24*r + 60. Let m(x) = 7*x**2 - 48*x - 119. Let l(k) = 